**3 - r**2 - 3*r + 2. What is the tens digit of h(x)?
9
Let r(l) = -368*l + 46115. What is the ten thousands digit of r(0)?
4
Let o = -171 + 165. What is the tens digit of (-6 - 0)/o*18?
1
Suppose l = -42 + 47. Suppose 0 = s + 3*h - 169, s - 250 = l*h - 81. What is the tens digit of s?
6
Let m = 221 - 259. Let p = m - -408. What is the tens digit of p?
7
What is the units digit of 64808/2 + (42 - 55)?
1
Let u = 45791 + -27440. What is the ten thousands digit of u?
1
Suppose o + 584 = 2*o - 3*j, 3*j - 2291 = -4*o. Suppose o = -2*k + 3*k. What is the units digit of k?
5
Suppose 3*j = -5*z - 0*z + 1, 4 = -4*z. Suppose j*p - 1937 = -p - y, 0 = p - 3*y - 629. What is the hundreds digit of p?
6
Let p(x) = -x**2 + 6*x + 1. Let k be p(5). Suppose -3*f + k*f = -o + 90, 9 = 3*f. What is the tens digit of o?
8
Let l be 1674/63 + (-6)/(-14). Let j be (-4893)/(-27) - ((-24)/l)/(-4). Suppose 199 + j = 2*q. What is the hundreds digit of q?
1
Let w(k) = 40*k - 166. Let d be w(8). Let l = 441 - d. What is the units digit of l?
7
Suppose 4*b = 8*b - l + 4889, 4*l = -3*b - 3662. What is the hundreds digit of (-32)/160 + b/(-10)?
1
What is the units digit of 126/(-108) + 172497/18?
2
Let s = 25876 - 11810. What is the thousands digit of s?
4
Suppose -i + 2*r + 8 = 0, 5*r + 0*r - 2 = -3*i. Suppose 0 = -i*b - 2*b + 24. Suppose -b*n = -14*n + 90. What is the units digit of n?
9
Let g(m) = 767*m**3 - 2*m**2 - m + 4. Let u be g(2). Suppose -2*q = 4*a - u, -1401 = -3*a + 2*q + 3214. What is the thousands digit of a?
1
Suppose -18*x + 434278 = 112996. What is the hundreds digit of x?
8
Let w = 1491 - 874. Let g = 997 - w. What is the tens digit of g?
8
Let z(y) = 105*y**2 + 394*y + 13. What is the thousands digit of z(-15)?
7
Let m be -1750*(2/(-25))/((-1)/(-5)). Let x = 1009 - m. What is the tens digit of x?
0
Suppose -3*g + 5*g = 2*v + 2, 0 = -4*g - v - 6. Suppose 4*u = m - 9, 6 = -4*u - u - 4*m. What is the units digit of (-41)/(((-6)/12)/(g/u))?
1
Suppose 0 = -2*g - g + 132. Suppose 2*z - g = 8. Suppose -3*i - 2*i - 2*j = -14, 5*i - 2*j - z = 0. What is the units digit of i?
4
Let x = -10017 + 16413. What is the hundreds digit of (x/(-1))/(-4) - (-7 - -2)?
6
Let m = -64037 + 90049. What is the units digit of m?
2
Suppose 7*n - 12 - 16 = 0. Suppose -2*c + 6*c = 4*b + 32, -4*b - 32 = n*c. What is the units digit of -1 - b*(-5)/(-10)?
3
Let d = -102 + 104. Suppose -6*a + 5*o = -a - 415, -3*a - d*o = -269. What is the units digit of a?
7
Let f(z) = -z**2 - 9*z - 23. Let a be f(-12). What is the tens digit of a/(-2)*1/((-9)/(-234))?
6
Suppose -5*n + 4*i + 748 = 0, -4*i = -4*n + 774 - 174. What is the tens digit of n?
4
Let a(r) = 40*r**3 - 4*r**2 - 39*r + 248. What is the hundreds digit of a(6)?
5
Suppose -3*r + 22200 = -3*d, -275*d + 8 = -271*d. What is the tens digit of r?
0
Suppose -152*p + 69*p + 128*p - 246195 = 0. What is the hundreds digit of p?
4
Let f(x) be the second derivative of -97*x**3/6 + 6*x**2 - 53*x. What is the units digit of f(-7)?
1
Let m(c) = c - 27. Let n = 17 + -10. Let p be m(n). What is the tens digit of (5/p)/(1/(-212))?
5
Let x(d) = -724*d - 16. Let u be x(-4). Suppose -15*t + 5*t = -u. What is the units digit of t?
8
Suppose -4*m + 10 = 18. Let c be (85 + 2)/(m/(-6)). Let s = -106 + c. What is the hundreds digit of s?
1
Let a(m) = 37*m**2 - 32*m + 486. What is the thousands digit of a(13)?
6
Let h be 5 + (-1 - 2) + (-6 - -11). Suppose 33 = 9*c - h*c - 3*w, 4*c - 3*w = 57. What is the tens digit of c?
1
Suppose 13 - 15 = k. What is the hundreds digit of (-1624 - -1)*(1 + k)?
6
Suppose 655*n = 656*n - 8363. What is the thousands digit of n?
8
Let c(w) = -90*w**3 - 4*w**2 - 2*w + 7. Let l be c(3). Let h = l + 3468. What is the tens digit of h?
0
Let f be 45/(-25)*(1 + 1*-6). Suppose 5*s - 326 = b + f, 5*s + 10 = 0. Let y = b + 597. What is the hundreds digit of y?
2
Let f(i) = 23*i + 161. Let n be f(-14). What is the tens digit of 42/4*(-12)/18*n?
2
Suppose -4*c = -2*h + 44, 20 = h - 6*c + 3*c. Let r = 188 - 187. Suppose x - r = h. What is the tens digit of x?
2
Let c be (-11)/(-2)*(-28)/7 - -3. Let l(m) = -m**3 - 17*m**2 + 17*m + 16. What is the hundreds digit of l(c)?
4
Let u = -24 - -33. Suppose -u*h = -15*h - 18. What is the tens digit of 1/(1/h)*(-12 - -1)?
3
What is the thousands digit of ((1380/(-161))/10)/(3/(-283654))?
1
Suppose 2893 = -2*f + 3*t, 5*f = -4*t - 11347 + 4080. Let u = f + 2228. What is the hundreds digit of u?
7
Let g(s) = 30*s**2 - 11 + 14*s**2 - 45*s**2 - 15*s. What is the tens digit of g(-13)?
1
Let z(u) = -u**3 + 71*u**2 + 219*u - 427. What is the hundreds digit of z(55)?
0
Suppose -56*z - 46*z = -99*z - 238260. What is the hundreds digit of z?
4
Suppose 0 = 6*r - 44 - 358. Suppose -3*x + 3*c + 291 = 0, 3*c = 2*x - 129 - r. Suppose 3*g - 103 = x. What is the units digit of g?
6
Let n(y) = -182*y - 2. Let a be n(-2). Let f = a + 99. What is the units digit of f?
1
What is the units digit of 9575/10*(-1 + -5 - 84/(-10))?
8
Let a = -712 - -3719. What is the tens digit of a?
0
Let p(x) = -2*x + 10. Let j be (4 - 1)*(-12)/(-9). Let h be p(j). What is the tens digit of h/((10/(-29))/(-5))?
2
Suppose 96696 = -229*g + 241*g. What is the thousands digit of g?
8
Let w = -42 + 47. Suppose 2*p - 22447 = -3*s, 2*s - w*p - 14990 = -0*s. What is the units digit of s/27 - 3 - (-4)/(-18)?
4
Let v(w) = -205*w**3 + 20*w**2 + 104*w + 26. What is the units digit of v(-5)?
1
Suppose -3*g + 124 = 40. Let x = 139 + -139. Suppose -p = -x*p - g. What is the tens digit of p?
2
Let q = -69 + 72. Let v be 2 + (-3 - (-10 + q)). Suppose -m - v*m + 336 = 0. What is the tens digit of m?
4
Suppose -11*q + 1512 = -2745. Let m = q + 216. What is the units digit of m?
3
Let y(r) = -3 + 4 - 2*r + r + 27*r**2. Let q(h) = -80*h**2 + 3*h - 3. Let i(o) = -4*q(o) - 11*y(o). What is the units digit of i(-1)?
5
Let k = 33182 - 11068. What is the units digit of k?
4
Let y = -11006 + 18001. What is the hundreds digit of y?
9
Let a(d) = -d**2 - 36*d - 124. Let y be a(-32). Suppose 0 = -y*v - 2*o + 1800, -5*v - 1345 = -8*v - 4*o. What is the units digit of v?
1
Suppose 12*k - 18 = 3*k. Suppose 2*c + 627 = 5*l, c + k*c = 12. What is the tens digit of l?
2
Let x = -339 - -491. Suppose -4*z + 172 = 2*y, -y - 4*z + 80 = -5*z. Let g = x - y. What is the units digit of g?
0
Let r(w) = -w**3 + 11*w**2 - 16*w - 1. Let m be r(8). Let d be 18/m + (40/7 - 1). Suppose -52 = o - 2*o + 5*y, -2*o + 129 = -d*y. What is the units digit of o?
7
Let f be 662/3 - (2 - (-70)/(-30)). Let r = f - 21. What is the units digit of r?
0
Let b = 4415 + 2562. What is the units digit of b?
7
Let t = 95 + -89. Let b(h) = 122*h - 33. Let a be b(t). Suppose -4*v = -4*i + 684, -6*i + v = -2*i - a. What is the units digit of i?
6
Suppose 0 = -5*u - 3*n + 74, 18*n - 13*n - 54 = -3*u. Suppose 1314 = 22*j - u*j. What is the units digit of j?
6
Suppose c - 5*q - 19726 = 0, 3*q = 4*c - 62991 - 15845. What is the units digit of c?
6
Suppose 5*o - 4*z - 100 = -8*z, 6*o - 2*z = 86. Suppose 0 = o*m - 2275 - 3165. What is the hundreds digit of m?
3
Let r be 1072 + 1188/(-627) + 4/(-38). Suppose 0 = -c + 42 + r. What is the hundreds digit of c?
1
Let z(r) = -53*r - 9. Let a(u) = -u**3 - u**2 + u + 13. Let t be a(0). Suppose -3*h - 5 = 2*g, -5*h - g - t = -0. What is the units digit of z(h)?
0
Let t be 3*(-3)/2*-24. Let v = t - 8. Let b = v - 55. What is the tens digit of b?
4
What is the tens digit of 8*(-2815)/(15/(-3))?
0
Suppose 17*h - 13*h = 24. Let r be (-3)/h*4*2/1. Let q = 23 + r. What is the units digit of q?
9
Let k(v) = 8*v**2 + 4*v - 4. Suppose 9 = 6*b - 3. Let h be k(b). What is the units digit of (125/3 - 1)/(8/h)?
3
Suppose -25 = 6*u - 11*u, 0 = 4*p + u + 55. Let j be (-4)/(5 + -3) + p/5. What is the units digit of 1 + -1 + j - -175?
0
Suppose 3*i + a + 1122 = 16561, 5 = -a. What is the units digit of i?
8
Suppose 0*r = 6*r - 234. Let f = r - 34. Suppose 53 = 3*y + 2*a, 0 = f*a + 11 - 1. What is the tens digit of y?
1
Let i(z) = 383*z - 20. Let g be 1/(-6) - (-38)/12. What is the tens digit of i(g)?
2
Suppose 2*p = 5*f + 243, -2*p - 6*f + 267 = -3*f. Let j = -84 + 166. Let w = p - j. What is the units digit of w?
7
Let j = -132 + 639. Suppose 4*g + j + 1044 = 3*p, 0 = -g. What is the hundreds d